nder when 904474 is divided by 450881.
2712
What is the remainder when 48366883 is divided by 61?
44
What is the remainder when 29187617 is divided by 121?
118
What is the remainder when 56243 is divided by 1989?
551
Calculate the remainder when 35135 is divided by 17329.
477
Calculate the remainder when 56905 is divided by 3928.
1913
What is the remainder when 13165067 is divided by 2194171?
41
What is the remainder when 1134733 is divided by 494?
15
What is the remainder when 2580269 is divided by 26326?
321
What is the remainder when 578035 is divided by 2051?
1704
Calculate the remainder when 405248 is divided by 3822.
116
Calculate the remainder when 531920 is divided by 3795.
620
What is the remainder when 25456539 is divided by 25456521?
18
Calculate the remainder when 11746 is divided by 11608.
138
Calculate the remainder when 29623 is divided by 5078.
4233
What is the remainder when 1639111 is divided by 33448?
159
Calculate the remainder when 38223183 is divided by 35.
33
Calculate the remainder when 2277781 is divided by 455427.
646
What is the remainder when 555762 is divided by 298?
290
Calculate the remainder when 35045 is divided by 11169.
1538
Calculate the remainder when 37224 is divided by 1009.
900
Calculate the remainder when 109842 is divided by 9134.
234
What is the remainder when 1293255 is divided by 13758?
3
What is the remainder when 37683 is divided by 20?
3
What is the remainder when 50700 is divided by 4220?
60
What is the remainder when 20351423 is divided by 20351382?
41
What is the remainder when 446769 is divided by 13959?
81
Calculate the remainder when 188797 is divided by 26968.
21
Calculate the remainder when 13693200 is divided by 835.
35
Calculate the remainder when 53847 is divided by 5285.
997
Calculate the remainder when 82848 is divided by 33.
18
Calculate the remainder when 9400594 is divided by 4089.
4072
What is the remainder when 11327537 is divided by 140?
137
Calculate the remainder when 2468919 is divided by 31.
17
Calculate the remainder when 22699401 is divided by 319.
318
What is the remainder when 18488 is divided by 654?
176
Calculate the remainder when 104419846 is divided by 458.
426
What is the remainder when 133638 is divided by 125222?
8416
Calculate the remainder when 5115314 is divided by 3189.
158
Calculate the remainder when 28907 is divided by 1205.
1192
Calculate the remainder when 143095 is divided by 65.
30
What is the remainder when 4709037 is divided by 45?
12
What is the remainder when 232625549 is divided by 59?
54
What is the remainder when 120252 is divided by 30024?
156
Calculate the remainder when 976934 is divided by 647.
611
What is the remainder when 898126 is divided by 126?
124
Calculate the remainder when 6343251 is divided by 1236.
99
What is the remainder when 186293 is divided by 186268?
25
Calculate the remainder when 81710 is divided by 40831.
48
What is the remainder when 467329 is divided by 189?
121
Calculate the remainder when 10275 is divided by 3555.
3165
Calculate the remainder when 1349618 is divided by 20762.
88
Calculate the remainder when 1924031 is divided by 911.
910
What is the remainder when 1971100 is divided by 147?
124
What is the remainder when 45089908 is divided by 32?
20
Calculate the remainder when 258837 is divided by 813.
303
Calculate the remainder when 212289835 is divided by 70763276.
7
What is the remainder when 27368648 is divided by 2280716?
56
Calculate the remainder when 1491407 is divided by 566.
563
Calculate the remainder when 43254 is divided by 38086.
5168
What is the remainder when 3310809 is divided by 976?
217
Calculate the remainder when 26394 is divided by 905.
149
What is the remainder when 6893 is divided by 2873?
1147
Calculate the remainder when 23757784 is divided by 389.
387
What is the remainder when 174761210 is divided by 19417912?
2
What is the remainder when 9786492 is divided by 25?
17
Calculate the remainder when 14306830 is divided by 76507.
21
Calculate the remainder when 169569 is divided by 28021.
1443
What is the remainder when 1005558 is divided by 335131?
165
Calculate the remainder when 65677474 is divided by 13135492.
14
Calculate the remainder when 47382 is divided by 39620.
7762
What is the remainder when 13124169 is divided by 2604?
9
Calculate the remainder when 11521 is divided by 2710.
681
What is the remainder when 5368796 is divided by 5368519?
277
Calculate the remainder when 2159516 is divided by 334.
206
Calculate the remainder when 13336962 is divided by 20550.
12
Calculate the remainder when 43871 is divided by 1266.
827
Calculate the remainder when 569189 is divided by 71134.
117
Calculate the remainder when 13370375 is divided by 2221.
2176
Calculate the remainder when 54285 is divided by 194.
159
What is the remainder when 5316988 is divided by 1329244?
12
Calculate the remainder when 644450 is divided by 35783.
356
What is the remainder when 596008 is divided by 10276?
0
Calculate the remainder when 1103644 is divided by 64918.
38
Calculate the remainder when 4534822 is divided by 14.
12
What is the remainder when 32331775 is divided by 78?
73
Calculate the remainder when 37961699 is divided by 350.
349
What is the remainder when 5099004 is divided by 26?
14
Calculate the remainder when 1414145 is divided by 38220.
5
Calculate the remainder when 927567436 is divided by 6.
4
What is the remainder when 19410956 is divided by 25407?
8
What is the remainder when 202803 is divided by 202708?
95
What is the remainder when 57888 is divided by 1964?
932
What is the remainder when 687485234 is divided by 3765?
3764
Calculate the remainder when 25794930 is divided by 191.
189
What is the remainder when 217127 is divided by 187?
20
Calculate the remainder when 4120070 is divided by 14.
10
What is the remainder when 107892 is divided by 847?
323
What is the remainder when 23819486 is divided by 23?
19
Calculate the remainder when 73738 is divided by 18069.
1462
What is the remainder when 106982256 is divided by 4?
0
Calculate the remainder when 1252253554 is divided by 18.
16
What is the remainder when 323415 is divided by 13631?
9902
What is the remainder when 69281 is divided by 1464?
473
What is the remainder when 11298011 is divided by 5649001?
9
What is the remainder when 58021 is divided by 7248?
37
Calculate the remainder when 206198 is divided by 806.
668
What is the remainder when 427996 is divided by 71303?
178
Calculate the remainder when 513986 is divided by 525.
11
What is the remainder when 316539 is divided by 5105?
29
What is the remainder when 141070 is divided by 4404?
142
What is the remainder when 3626530 is divided by 142?
134
What is the remainder when 33901295 is divided by 312?
311
What is the remainder when 675492 is divided by 20?
12
Calculate the remainder when 278586621 is divided by 768.
765
Calculate the remainder when 33188 is divided by 2071.
52
Calculate the remainder when 1606229 is divided by 1606184.
45
What is the remainder when 9780350 is divided by 1236?
1118
What is the remainder when 151923 is divided by 2301?
57
What is the remainder when 14096010 is divided by 102?
18
Calculate the remainder when 297360 is divided by 32859.
1629
Calculate the remainder when 1300480 is divided by 53.
19
Calculate the remainder when 102839 is divided by 1440.
599
What is the remainder when 1205118 is divided by 10310?
9158
Calculate the remainder when 1427820 is divided by 5055.
2310
Calculate the remainder when 46317 is divided by 3538.
323
Calculate the remainder when 24464 is divided by 5999.
468
What is the remainder when 55996737 is divided by 15?
12
What is the remainder when 6727667 is divided by 18?
5
Calculate the remainder when 383564 is divided by 54794.
6
Calculate the remainder when 88617052 is divided by 530641.
5
What is the remainder when 465009 is divided by 70?
69
Calculate the remainder when 715982 is divided by 19833.
1994
Calculate the remainder when 63066 is divided by 9023.
8928
What is the remainder when 13421 is divided by 3347?
33
Calculate the remainder when 4093745 is divided by 225.
95
What is the remainder when 22128 is divided by 20264?
1864
What is the remainder when 726026 is divided by 3541?
121
Calculate the remainder when 730